 -326 + 704. Suppose o = d + 262. What is the hundreds digit of d?
1
Let t(u) = u**3 + 8*u**2 - u - 6. Let o be t(-8). Suppose -414 = 5*i + o*q, 2*i = -i - 4*q - 254. Let v = 105 + i. What is the units digit of v?
3
Suppose 6*u - 22*u + 65423 + 5409 = 0. What is the tens digit of u?
2
Let y = -8727 - -18512. What is the hundreds digit of y?
7
Suppose 7*o + 2*l = 6*o - 1649, 4*o + 6596 = 5*l. Let i = 2309 + o. What is the units digit of i?
0
Let x(m) be the first derivative of 583*m**4/4 - m**3/3 + m**2 - 165. What is the units digit of x(1)?
4
Suppose 4*c = 5*u - 52121, 6*u = 3*u + 3*c + 31275. What is the tens digit of u?
2
Let v(w) = -4791*w + 1376. What is the hundreds digit of v(-4)?
5
Let j = 20951 + 4319. What is the units digit of j?
0
Let u(d) = -38*d**2 + 675*d - 20. What is the tens digit of u(14)?
8
Let g be (13/(-26))/(2/20). Let c be (84/350)/((-6)/20)*g. Suppose 5*x - n - 14 + c = 0, -2*x = n + 3. What is the units digit of x?
1
Suppose 2*t - 2*c = -2*t + 14, -4*c - 17 = 3*t. What is the units digit of (12/(-20))/(t/(-365)) + 4?
3
Let i(r) = r**2 + 6*r - 43. Let o be i(-12). Let n(s) = -s**3 + 32*s**2 - 42*s - 32. What is the tens digit of n(o)?
7
Let n = -52 + -66. Let r be 2 + 3*n/6. Let q = -44 - r. What is the units digit of q?
3
Let k be (-23)/(-1) + 0 + 2 + -5. Suppose -5*d - 3*a + k = 0, -2*d - a + 0*a + 8 = 0. What is the units digit of 56 + -1 - (-8)/d?
7
Let y = 76 - 60. Suppose -y = -5*v + 9*v. What is the hundreds digit of 1/(8/32*v/(-142))?
1
Suppose 35*x - 184 = 33*x. What is the units digit of 23/x - ((-3518)/8 - 0)?
0
Suppose -2*a + 308 = b, 0 = -3*a - 4*b + 533 - 76. Let k = 42 - a. Let i = k - -165. What is the tens digit of i?
5
Let t(l) = -372*l - 2006. What is the tens digit of t(-19)?
6
Suppose -79*g = 17*g - 27*g - 1281744. What is the thousands digit of g?
8
Let d = -141 - -146. Suppose -3*o - 1984 = -6*b + b, 410 = b - d*o. What is the units digit of b?
5
Let j(g) = -7*g**2 + 2*g + 53. Let o be j(-7). What is the units digit of o*2*(-6)/12?
4
What is the tens digit of 227929/7 + (-380)/(-532)?
6
Suppose 0 = -3*j + 164 - 146. Let s be (-2)/(-13) + j + (-56)/26. Suppose -4*l = -b + 11, 5*b - s*l - 41 - 30 = 0. What is the tens digit of b?
1
Suppose 0 = -5*x + 3*x. Suppose 2*u + 23 + 5 = x. Let f = u - -42. What is the tens digit of f?
2
Suppose 15*s - 6*s + 0*s = 125622. What is the tens digit of s?
5
Let w(c) = 3*c**2 - 25*c - 61. Let k be w(19). Let u = k - 306. What is the tens digit of u?
4
Suppose 4*q - 5*q = -5*u - 28, -2*u - 7 = q. Suppose 4*n + q*d = 2455, 8*d - 3*d - 601 = -n. What is the units digit of n?
6
Let i = 159 - 151. Let u(g) = g**2 + 26*g + 15. What is the units digit of u(i)?
7
Let s(t) = t**3 - 9*t**2 + 10*t - 14. Let y be s(8). Suppose y = -q + 114. What is the units digit of q?
2
Let l(d) = 9*d**2 + 12*d - 4. Suppose -3*r - 3 = -3*u, -3*r - 8 = 5*u + 11. Let n(a) = -a**3 - a - 1. Let w(s) = u*n(s) - l(s). What is the units digit of w(7)?
1
Let x(t) = 2*t - 3. Suppose -z - 4*q = 1, -4*z + 2*q - q + 13 = 0. Let c be x(z). Suppose 92 = -o + c*o. What is the tens digit of o?
4
Let b(d) = -d**2 + 16*d + 25. Let l be b(17). Suppose 4*s + 3721 = 5*g + l*s, 2*s = 4*g - 2982. What is the hundreds digit of g?
7
Suppose -2*i + j + 13 = 0, 2*i + 2*j = 5*i - 18. Suppose -17*n = -15*n + i. What is the units digit of n/(-8)*6 + 3 + 39?
5
Suppose 621*y + 43940 = 324*y + 310*y. What is the hundreds digit of y?
3
Suppose 0 = 4*u + 7*o - 5*o - 37218, 18649 = 2*u + 9*o. What is the units digit of u?
2
Suppose -63*h = 55*h - 118472. What is the tens digit of h?
0
Suppose -173*q + 176*q - 5*y = 213804, 0 = 3*q - 3*y - 213786. What is the ten thousands digit of q?
7
Let y be -3 + 6 + 0/2. Suppose p + 545 = -2*h + y*h, 2*h = -4*p + 1060. What is the hundreds digit of h?
5
Let r = -8560 - -26623. What is the thousands digit of r?
8
Let z(m) = -10*m**3 - 3*m**2 - 10*m + 15. Let w be z(-9). What is the hundreds digit of 9/(-3) + w/(5 + 3)?
8
Let i(y) = -4*y - 5*y**3 - 29 + 42 - 33. What is the hundreds digit of i(-4)?
3
Let x(n) = -n**2 - 15*n + 22. Let c be x(-16). Let q(t) = 39*t - 1. Let b(s) = -40*s + 1. Let z(f) = c*q(f) + 5*b(f). What is the tens digit of z(1)?
3
Let s(u) = u**3 + 5*u**2 - 4*u + 6. Let l be s(-6). Let f be 310/8 - ((-105)/20 - l). Suppose f*d - 37*d - 209 = 0. What is the units digit of d?
9
Suppose 453*a = 457*a - 96112. What is the hundreds digit of a?
0
Let s = 59780 - 29711. What is the ten thousands digit of s?
3
Let f(x) = -33*x + 8. Let p be f(-10). Suppose p = 13*l - 0*l. Suppose -l*t + 75 = -25*t. What is the tens digit of t?
7
Let l = -29280 - -35507. What is the hundreds digit of l?
2
Let k = -302 + 377. Let v = 369 - k. What is the units digit of v?
4
Suppose 5*n - j = 6179, -5*n + 2*n - 3*j + 3711 = 0. Suppose 0 = 4*m - 6*i + 10*i - n, 0 = -4*m + 3*i + 1271. What is the units digit of m?
4
Let r = -12665 + 30086. What is the hundreds digit of r?
4
Let s = 12 - 12. Suppose s*y - 2440 = 5*n - y, 2440 = -5*n - 5*y. What is the units digit of (-1 + n)*((-15)/(-9) - 2)?
3
Let d be (4/(4/3))/1. Suppose 0*u = -d*u - 138. What is the units digit of (-1 + u)/(3/(-6))?
4
Let h(f) = -f**2 + 9*f - 6. Suppose -8*n + 40 = -3*n. Let s be h(n). Suppose z - 390 = -s*z. What is the tens digit of z?
3
Let p = -718 + 722. Suppose p*w + 5196 = 4*y, 11*w = -3*y + 9*w + 3882. What is the thousands digit of y?
1
Suppose -22 = 10*a - 122. Suppose 5*n - a*n = -465. What is the units digit of n?
3
Suppose -737 = -5*s + 6*v - 10*v, 4*v = 6*s - 858. Let f(b) = b**3 + 2*b**2 - 3*b + 3. Let r be f(-3). Suppose r*y + s = 556. What is the hundreds digit of y?
1
Let m be (-49)/(-4) + 60/80. Suppose 5*s - 4*o - m - 180 = 0, -4*o = 3*s - 135. What is the tens digit of s?
4
Let a = 16458 + -14723. What is the tens digit of a?
3
Let l(i) = -i**3 - 9*i**2 + 9*i - 12. Let w be l(-10). What is the hundreds digit of ((-1)/2)/(w/1644)?
4
Let l(x) = 7*x**3 + 2*x**2. Let h be l(2). Let n be (50 + -8)*(-5 + (-1 - -7)). Let b = h - n. What is the units digit of b?
2
Let u(f) = 516*f + 8359. What is the units digit of u(62)?
1
Let f(r) = -719*r + 16. Let l be f(1). Let a = l - -1180. What is the units digit of a?
7
Let y = 369 + -643. Let v = 153 + y. Let c = -43 - v. What is the tens digit of c?
7
Suppose 0 = -3*u + 2*y + 1082, -2177 + 731 = -4*u + y. Let t = u - 258. Suppose 3*a + 3*v - 124 = -19, -4*a + 5*v = -t. What is the units digit of a?
1
What is the hundreds digit of (-4720914)/(-1188) - (-1)/6?
9
What is the hundreds digit of (-101856)/51*-29 + (-200)/1700?
9
Suppose 4*w - 3*c - 1761 = 1596, 0 = 3*w - 5*c - 2504. Suppose -2*b - 667 + 115 = -2*f, 2*b = -3*f + w. What is the tens digit of f?
7
What is the tens digit of ((-1160)/(-87))/(4 - (-13288)/(-3324))?
4
Suppose -38 = -10*s - 18. Suppose 0 = -s*g - n + 3158, -16*g + 4726 = -13*g - 4*n. What is the tens digit of g?
7
Suppose 2*o - 54 - 38 = 0. Suppose 50 + o = 8*s. Suppose 0 = -k - 2*a + 134, -s = -5*k - 2*a + 666. What is the units digit of k?
6
Let d(y) = 6*y**2 - 34*y - 763. What is the thousands digit of d(-24)?
3
Suppose 187209 = 7*h + 43331. What is the units digit of h?
4
Let c = 173 - 181. What is the hundreds digit of 3 - -107 - (c/(-2))/(-2)?
1
Suppose -21*x - 56 = -140. Suppose v - 2*a - 916 = 0, -x*v + 35*a + 3642 = 38*a. What is the tens digit of v?
1
Let g be (-19)/(5/320*4). Let t = 836 + g. What is the units digit of t?
2
Suppose -131699 + 597258 = 88*x + x. What is the units digit of x?
1
Suppose 6*u - 42 = 0, u - 88312 = -33*z + 28*z. What is the ten thousands digit of z?
1
Suppose 2*m = 4*m. Let g(x) be the second derivative of -x**4/12 - 2*x**3/3 + 177*x**2/2 + 1389*x. What is the hundreds digit of g(m)?
1
Let d be 4 - (3/(-2) - (-4)/8). Suppose 4*x - 2*a = -d*a + 769, -417 = -2*x + 5*a. What is the hundreds digit of x?
1
What is the hundreds digit of ((3362 - (6 + 1)) + 24/6)/1?
3
What is the tens digit of (361339/(-22))/((-15)/30)?
4
Let g(c) = 2741*c - 305. What is the units digit of g(10)?
5
Let v(k) = k**2 - 2*k - 2. Let t be v(2). Let d(n) = -24*n**3 - 5*n**2 + n. What is the tens digit of d(t)?
7
Let u = 0 + 5. Let q(s) = 2*s**2 + 120*s + 4. Let w be q(-60). Suppose u*k + 112 = t, -8 = -0*k - w*k. What is the hundreds digit of